+ 4*g. Calculate the remainder when 1 is divided by v.
0
Let b = -3509 + 3718. Calculate the remainder when 641 is divided by b.
14
Suppose 49*o - 25*o - 30720 = 0. What is the remainder when o is divided by 33?
26
Let t be 2/(-1) - 112/(-8). Suppose 0 = -a - 1, -s - 4*a + t = -8*a. What is the remainder when (-3 + 2 + 0)*-13 is divided by s?
5
Let p(w) = 2*w**2 + 3*w + 4. Let j = -193 - -198. Suppose -c = -j*n + 227, -3*c + 12 = 5*n - 207. Calculate the remainder when n is divided by p(-4).
21
Let k = -8052 - -8239. What is the remainder when k is divided by 72?
43
Suppose 5*r + 305 = 4*t, t - 38 - 41 = 4*r. Suppose 0 = -74*b + t*b - 132. Calculate the remainder when b is divided by 7.
6
Suppose -28399*t - 3069 = -28430*t. What is the remainder when 215 is divided by t?
17
Suppose -4*i + 60 = -i - 2*d, 4*d = -3*i + 78. Suppose -4*m + 16 = -o - 7*m, 2*m + 8 = 0. What is the remainder when i is divided by 9 - (-6 - -6 - o)?
2
Suppose -33*h + 18146 = 53*h. Calculate the remainder when h is divided by 23.
4
Suppose 234*h = -773 + 651 + 45050. What is the remainder when 738 is divided by h?
162
Let h = -113 + 218. Let c = h - 76. Let q = c + 7. Calculate the remainder when q is divided by 19.
17
Suppose 5*w = 5*j + 550, 2*j + 450 = 3*w + 125. Calculate the remainder when w is divided by 41.
23
Let s = 31 + -46. Calculate the remainder when (-23 + 1 + 0)/(5/s) is divided by 34.
32
Suppose -14605 - 47181 = -299*m - 10358. Calculate the remainder when 1904 is divided by m.
12
Let i = -538 + 2645. What is the remainder when i is divided by 48?
43
Let l(g) = 40*g**2 + 142*g - 21. What is the remainder when l(-5) is divided by 17?
14
Let q = 3271 + -3100. What is the remainder when 625 is divided by q?
112
Suppose 460*z - 528 = 914*z - 470*z. What is the remainder when 4246 is divided by z?
22
Let h(j) = 37*j**2 + 5*j + 9. Let k be h(-5). Suppose k - 475 = 7*y. What is the remainder when 206 is divided by y?
20
Let z = -86378 - -86525. Suppose 6*y = 2*y - 116. Let a = y - -54. What is the remainder when z is divided by a?
22
Let g(u) = -u**3 - u**2 + 79*u + 7. Calculate the remainder when g(8) is divided by 4.
3
Suppose -4*v + 916 = 5*x, 688 = 3*v - 23*x + 27*x. What is the remainder when (-56)/v + 34/8 is divided by 2?
0
Suppose 95*h - 44*h - 38*h = 2236. What is the remainder when h is divided by 29?
27
Suppose 4*a = -2*a + 24. Suppose -4*j + a*o - 1 = -21, 0 = 5*j - 4*o - 26. Let c = -10 + 28. Calculate the remainder when c is divided by j.
0
Let l(n) = n**2 + 5*n + 6. Let c be l(-4). Suppose -p - 2*f + 98 = 36, -2*p = -c*f - 124. What is the remainder when p is divided by 22?
18
Suppose h = -3*s + 617, -1258 = -7*h + 5*h + 2*s. Calculate the remainder when h is divided by 102.
14
Suppose -7 = -2*v + 23. Let j = 15 - v. Suppose -2*x = 2*r - 146, 4*x - r = -j*r + 272. What is the remainder when x is divided by 12?
9
Suppose -61*x + 87*x = 6812. What is the remainder when x is divided by 27?
19
Let k = -534 - -231. Let j = 798 + k. Calculate the remainder when j is divided by 71.
69
Suppose 4 = -16*k - 12. Let f(h) = -207*h**3 + h**2 + 6*h + 4. What is the remainder when f(k) is divided by 43?
34
Let j(h) = -h**2 + 20*h - 17. Let q be j(19). Suppose y - 181 - 121 = -q*t, 0 = -3*t + 5*y + 440. What is the remainder when t is divided by 38?
36
Let u = 15023 - 14846. Calculate the remainder when u is divided by 143.
34
Let b = 48 + -87. Let l = b - -55. Let n = 19 + l. Calculate the remainder when n is divided by 12.
11
What is the remainder when 244 is divided by ((-1446)/(-15))/(96/240)?
3
Let o = 108 - 103. Let v(s) = 3*s**2 - 14*s + 36. What is the remainder when 532 is divided by v(o)?
40
Let m(x) = 7*x - 9*x + 6*x + 25 - 3*x. Let l be m(-26). Calculate the remainder when 16 is divided by l - -14 - (-3 + 7).
7
Suppose -6*u + 339 + 63 = 0. Suppose 19*x - 303 = -75. What is the remainder when u is divided by x?
7
Let k = -6 - -17. Let h = k + -5. What is the remainder when 31 + (16/36 - (-7 + 139/9)) is divided by h?
5
Let k = -1 + 13. Suppose -2*y + 4*o = 12, 265*o = 3*y + 270*o - 26. Calculate the remainder when k is divided by y.
0
Let q(u) = -u**3 + 6*u**2 + 96*u + 201. Calculate the remainder when q(-7) is divided by 163.
3
Let k = 60 - 57. Suppose 2*a = 2*h - 2, -4*h + h - k*a + 15 = 0. Suppose -r - h = 2*f, 2*r - 5*f = -2*r + 40. What is the remainder when 13 is divided by r?
3
Let n(j) = -j**2 + 128*j + 4420. Calculate the remainder when 3999 is divided by n(-28).
47
Let h(v) = -v + 74. Suppose -2*r - l = -79, -19 = 3*r + l - 135. Calculate the remainder when h(14) is divided by r.
23
Let b = 95927 + -66432. Calculate the remainder when b is divided by 98.
95
Let s(z) = z**3 - 17*z**2 + 27*z + 28. Let o(y) = -12*y + 5. Calculate the remainder when s(16) is divided by o(-3).
40
Let t = -24220 - -24917. What is the remainder when 2097 is divided by t?
6
Suppose 19240*s = 19251*s - 70158. What is the remainder when s is divided by 12?
6
Suppose 4*x = -28*j + 31*j - 1926, 3*j + x = 1911. Calculate the remainder when j is divided by 180.
98
Suppose 14880 = -160*s + 44000. Calculate the remainder when 199 is divided by s.
17
Suppose 5*w = -59 - 131. Let v = -31 - w. What is the remainder when 109 is divided by v?
4
Suppose -186 - 94 = 4*y. Let b = 87 + y. What is the remainder when -30*(1 + 1 - 3) is divided by b?
13
Let c = -986 + 1475. Let o = -465 + c. Suppose 3*d - 156 - 342 = 0. Calculate the remainder when d is divided by o.
22
Let h be (-6*9/(-24))/(1/4). Suppose 0 = -5*a - h + 19. Let m(v) = 18*v - 14. What is the remainder when m(a) is divided by 12?
10
Suppose 2*d = -4*d - 390. Let a = -61 - d. Suppose -19 = a*p - 35. Calculate the remainder when 13 is divided by p.
1
Let g(k) = 11*k**3 + 17*k**2 - 54*k + 12. What is the remainder when g(4) is divided by 752?
20
Suppose -5*g + x + 31486 = 0, -2*g - 6*x + 12591 = -3*x. Calculate the remainder when g is divided by 60.
57
Let z(f) = -f**3 + 23*f**2 + 52*f - 39. Let o be z(25). What is the remainder when 185 is divided by (-7)/(-385)*o + (-468)/(-10)?
44
Let z(k) = 193*k + 1801. What is the remainder when z(-9) is divided by 16?
0
Let x = 368 + -368. What is the remainder when 176 + 1 + 0/5 is divided by (-16 - -35) + 1 + x?
17
Suppose -6*v - 270 = -16*v. Let j(w) = 8*w + 1. Let o be j(2). Suppose o + 53 = 5*d. What is the remainder when v is divided by d?
13
Let m = 43 + -20. Let f(q) be the second derivative of q**5/20 - 23*q**4/12 + q**3/6 - 2*q**2 - 552*q. What is the remainder when f(m) is divided by 5?
4
Suppose 54*u - 59*u + 38103 = 4*j, -22878 = -3*u + 3*j. What is the remainder when u is divided by 25?
23
Suppose 2*c - 14 = -10. Suppose 2*b = -2*b + c*o + 524, b - 3*o = 136. What is the remainder when (-4 + 6 - -1) + b/2 is divided by 23?
22
Let k(w) = 5*w**3 - 7*w**2 - 34*w + 77. Calculate the remainder when 3521 is divided by k(6).
16
Let c = -2191 - -2663. Calculate the remainder when c is divided by 226.
20
Let p be (12/8)/(15/10). What is the remainder when (72 - 17) + (-3)/p is divided by 29?
23
Let x = -78 + 145. Suppose 0 = 63*p - x*p + 232. What is the remainder when 286 is divided by p?
54
Let g(s) = 241*s**3 - 2*s**2 + 3*s + 4. Let n be g(-1). Let k = n - -251. Calculate the remainder when 53 is divided by k.
8
Let g(o) = 10 - 28 + 9 + 10*o. Let m(j) = -j**3 - 5*j**2 - 8*j - 9. Calculate the remainder when g(5) is divided by m(-4).
6
Let z = -18 + 37. Let o = z + 20. Suppose -4*t = -7*t + o. Calculate the remainder when 37 is divided by t.
11
Let a = -1653 - -1656. Calculate the remainder when 716 is divided by a.
2
Let y = 3134 + -3016. Calculate the remainder when 932 is divided by y.
106
Let s(a) = a**3 + 7*a**2 - 19*a - 6. Let h be s(-9). Suppose 5*j - j - 752 = 0. Suppose h*g - j - 25 = 0. What is the remainder when g is divided by 37?
34
Let a = -98155 - -98212. Suppose -501 - 67 = -2*w. What is the remainder when w is divided by a?
56
Let z be (-15)/(((-17)/153)/((-1)/(-3))). Calculate the remainder when 139 is divided by z*((-3)/15 + 42/35).
4
Let y(u) be the second derivative of -u**3/6 + 10*u**2 + 6*u. Suppose 2*l - 12 = -5*v, -3*v = l + v - 3. What is the remainder when y(2) is divided by l?
7
Suppose m + 3*v = 69, 199*v - 195*v - 144 = -2*m. What is the rema